 d(y) = -y**3 + 29*y**2 - 52*y + 32. Suppose 17*a - 21*a = -108. List the prime factors of d(a).
2, 43
Suppose 8*l + 6*l = -17514. Let z = l - -3075. List the prime factors of z.
2, 3, 19
Suppose -6*c + 4 = -2*c. Let s be (-4)/(-8)*2 - c*-42. Suppose f = s - 36. What are the prime factors of f?
7
What are the prime factors of ((-42952)/(-1180))/((-4)/(-1210))?
7, 11, 13
Suppose 345*m - 328*m = 131580. List the prime factors of m.
2, 3, 5, 43
Suppose -2*d - 2*d = -8*d. Suppose -u + 4*s + 624 = d, 3*u = -2*s - 3*s + 1855. List the prime factors of u.
2, 5, 31
Suppose -374*y - 1610100 - 108716 = -412*y. List the prime factors of y.
2, 11, 257
Let o be (2/2 - -6)*896/28. Let z = o - 188. What are the prime factors of z?
2, 3
Suppose 0 = -124*l + 117*l + 20944. Suppose -l = -3*t + 2*p, -t + 4*t - 3004 = -p. What are the prime factors of t?
2, 5
Suppose 2*a = -0*a. Let p(c) = -5*c + 255. Let s(x) = x - 6. Let t(m) = p(m) - 2*s(m). What are the prime factors of t(a)?
3, 89
Let m(j) be the first derivative of -j**4/4 + 8*j**3 - 43*j**2/2 - 18*j + 128. List the prime factors of m(10).
2, 7, 17
Suppose s + 5*o = 52, -3*o - 13 - 359 = -5*s. Let m be 40/22 - (-8)/44. Suppose -y - 2*y = k - 38, m*k - s = -2*y. List the prime factors of k.
5, 7
List the prime factors of 1683 + -10 + -1 + -10.
2, 3, 277
Suppose -3*x + 4*q = -14971, 2*x - 2912 = 3*q + 7067. List the prime factors of x.
19, 263
Let v(r) = 110*r**2 + 7*r + 3. Suppose 67 = -28*z + 11. What are the prime factors of v(z)?
3, 11, 13
Let n(y) = 4 - 2*y**2 - 5*y + 4*y**2 + y - 17. Let z be n(8). Suppose z = -31*m + 32*m. What are the prime factors of m?
83
Let a(d) = d**3 + 3*d**2 - 3*d + 8. Let g = -102 + 98. Let u be a(g). What are the prime factors of 24 - ((u - -1) + -4)?
23
Let o be (0/1)/((-5)/55*-11). Suppose p + 5*v = 2*p - 388, o = -p + v + 372. What are the prime factors of p?
2, 23
Suppose 61 - 26 = 5*j. Suppose 7*u + j*u + 644 = 0. List the prime factors of u/8*(3 - (-105)/(-7)).
3, 23
What are the prime factors of (-8164)/5*(-5)/(1 - 2 - -3)?
2, 13, 157
List the prime factors of (-170571)/(-13) - 4*21/(-546).
13121
Let l be (-6 + 5)*(-2 + (-5 - -5)). Suppose 4*x - 11*j - 2248 = -12*j, l*j + 1124 = 2*x. List the prime factors of x.
2, 281
Suppose -18*s + 17349 + 209073 = 0. List the prime factors of s.
3, 7, 599
Suppose 2*f + 13356 = 3*t + 4239, t - 5*f - 3026 = 0. What are the prime factors of t?
3041
Suppose -362*q + 654843 = -173*q - 168*q. What are the prime factors of q?
31183
Suppose 0 = 3*a + a - 8. Suppose 2*z = -3*b, -a*z + 6*b = b. Suppose z = -3*d + 11*d - 688. What are the prime factors of d?
2, 43
Let m(j) = 1 + 0 - 3*j**2 - 10*j + 4*j**2. Suppose 91*d - 373 = 810. List the prime factors of m(d).
2, 5
Let d(n) = -8*n + 31. Let o(w) = -6*w - 33. Let m be o(-6). List the prime factors of d(m).
7
Let p be 5 - (0 + -3 + 5) - -17997. Suppose 49*d - d = p. What are the prime factors of d?
3, 5
Suppose -3*g - 8 = -7*g. Suppose k - 22 = 2*p, -6*p + g*k = -p + 53. Let c = p - -111. List the prime factors of c.
2, 3, 17
Suppose -38234 - 3490 = -19*a. List the prime factors of a.
2, 3, 61
What are the prime factors of (-24744)/(-3) - -14 - 5?
23, 359
Let k = -157 + 150. What are the prime factors of (k - -3)*(-884)/16?
13, 17
Let g(a) = -9*a + 76. Let w be g(8). Suppose -4*j = -4*b - b - 1027, -2*j + 506 = -w*b. What are the prime factors of j?
263
Let m(v) = -35*v**3 + v**2 - 71*v - 443. What are the prime factors of m(-6)?
11, 13, 53
Let f(z) = -z + 23. Let u be f(19). Suppose -231 - 385 = -u*y. Let w = 359 - y. List the prime factors of w.
5, 41
Let h(n) = -2*n**3 - 11*n**2 + 4*n - 1. Let w be h(-6). List the prime factors of 4/(-10)*(w + -2 + -214).
2, 41
List the prime factors of ((-2)/(-4)*1)/(120/2339760).
9749
What are the prime factors of 0 + ((-228407)/284)/((-2)/8)?
3217
Suppose -3*n = -30*m + 33*m - 38844, 3*m - 7*n - 38774 = 0. List the prime factors of m.
12941
Let b = 1997 - -6265. List the prime factors of b.
2, 3, 17
Suppose 0 = -7*x + 1 - 36, 4*u - 31943 = -5*x. List the prime factors of u.
2, 3, 37
Let a be 91/(-21) + 4/3. Let b(p) = -10*p - 17. Let c be b(a). Suppose -c*h + 747 = -10*h. What are the prime factors of h?
3, 83
Let z be (-1190)/30 + 2/(-6). Let b = z + 44. List the prime factors of ((-6)/b)/((-3)/172).
2, 43
Let s be (3 + -9 + 0)*(-284)/3. Let g = s + -125. List the prime factors of g.
443
List the prime factors of (-8714)/(-4) - (-168)/112.
2, 5, 109
Let s(n) = -n**2 - 242*n - 41. List the prime factors of s(-43).
2, 2129
Suppose 30*t - 49049 = 23881. Suppose -4124 = -5*y + t. What are the prime factors of y?
3, 19, 23
Let w be (0 + 1 - 1)/(-2 - -3). Suppose w*l = 8*l - 16. List the prime factors of 9/(-9)*(-312)/l.
2, 3, 13
Suppose 0 = -289*l + 219*l + 265312 + 462968. What are the prime factors of l?
2, 3, 17
Let m = -86 - -98. List the prime factors of (40/m)/((-8)/(-1500)).
5
Let j(q) = -12*q - 83. Let w be j(-9). Suppose -5*z = w, -3*c + 5*z + 1154 = -1103. List the prime factors of c.
2, 3, 31
Suppose 4*l - 2*t = 936, -2*l + 2*t = -0 - 464. List the prime factors of l.
2, 59
Let j(i) = i + 2 - 3*i - 9*i. Let k be j(-7). Let n = k - 51. What are the prime factors of n?
2, 7
Suppose 13171 = 3*r - 2*s, -18*r + 2*s = -21*r + 13199. List the prime factors of r.
3, 5, 293
Let g be 21441/18 - (105/(-18) - -6). List the prime factors of (g/(-15))/(15/(-75)).
397
Let i(h) = -h**2 + 7*h + 6. Let t be i(6). Suppose 0 = -4*o - t, -6*u = -2*u - 2*o - 22. Suppose -5*y + u*y = -36. What are the prime factors of y?
2, 3
Suppose 687029 - 147567 = -9*w + 40*w. List the prime factors of w.
2, 7, 11, 113
Let w(c) = -25*c**3 - 7*c**2 + 16*c - 30. Let j be w(4). List the prime factors of (-76)/(-152) + (2 - j/4).
2, 211
Let n be (-144156)/(-34) + (-166)/(-1411). Suppose n = 9*b - 2672. What are the prime factors of b?
2, 3
Suppose -4325 = -27*w + 13684. Suppose -4*i - w = -k - 49, -i + 603 = k. List the prime factors of k.
2, 3, 101
Let k = -412 + 417. Suppose v = 2*p - k*p + 183, 947 = 5*v - p. What are the prime factors of v?
3, 7
Let g be ((-3)/(9/4))/((-44)/15642). What are the prime factors of (((-16)/(-2))/4 + -1)*g?
2, 3, 79
Suppose -35700 = -9*g + 24*g. What are the prime factors of ((-3)/(-6)*-1)/(2/g)?
5, 7, 17
Let a = 23 + -20. Let r(g) = g**2 + 6*g + 5. Let o be r(-7). List the prime factors of o/18 - (-64)/a.
2, 11
What are the prime factors of (4 - 1)/((-23)/355488*-16)?
2, 3, 7, 23
Suppose 4*v + x - 21451 - 11408 = 0, 2*v + x - 16429 = 0. List the prime factors of v/25 - 12/(-30).
7, 47
Let l(d) = -8972*d**3 - 13*d**2 - 21*d + 11. List the prime factors of l(-2).
71777
Let n(c) be the second derivative of 25*c**4/12 - c**3/6 + 6*c**2 - 18*c. Let a(k) be the first derivative of n(k). What are the prime factors of a(1)?
7
Suppose 0 = -14*k + 12*k - 2*h - 104, -4*k - 194 = -3*h. What are the prime factors of ((-2)/(-10))/(10/k) - -60?
59
Suppose -10*g = -15*g + 20. Suppose -35 = -g*j + 21. Let d(y) = 3*y - 20. What are the prime factors of d(j)?
2, 11
Suppose -468 = 2*u - 4*r - 27948, 9*u - 5*r = 123582. What are the prime factors of u?
2, 3, 11, 13
Let p(n) = 7127*n**3 - 9*n**2 + 8*n - 3. What are the prime factors of p(1)?
17, 419
Suppose -13*c = -2*g - 9*c + 21004, 12 = 2*c. List the prime factors of g.
2, 7, 751
Let n(z) be the third derivative of 20*z**4/3 - 5*z**3/3 + 31*z**2. Suppose 5 = 5*x - 0. What are the prime factors of n(x)?
2, 3, 5
Let p(t) = -6*t**3 + 46*t**2 + 88*t + 46. List the prime factors of p(-16).
2, 5, 3499
Let r(x) = -412*x - 801. What are the prime factors of r(-6)?
3, 557
Suppose 0 = -2*y + 2*q - 2, -2*y - 2*q = -5 - 13. Suppose -y*o + 599 = -61. Suppose -v + 2*r + 143 = 0, -2*v + o = 3*r - 142. List the prime factors of v.
149
Let j(r) = 27 + 0*r + 13*r - 2*r**2 - 40. Let n be j(7). What are the prime factors of -6*n/12 - -3?
13
Suppose 4*y - 3195 + 1254 = n, 2*y - 972 = 2*n. Suppose 0 = 4*v - 5*a + y, -597 = -2*v + 7*v + 3*a. List the prime factors of (-4848)/v*5/2.
101
Suppose 0 = 8*b + 21*b - 58. Suppose 0 = b*m - 234 - 392. What are the prime factors of m?
313
List the prime factors of 4/22 + (-92)/22 - (-19 - 19666).
19681
List the prime factors of ((609/(-14))/29)/(4/(1680448/(-12))).
2, 7, 11, 31
What are the prime 